{"id":18,"date":"2014-06-03T11:23:05","date_gmt":"2014-06-03T09:23:05","guid":{"rendered":"http:\/\/www.sv-elsenz.de\/wp_38\/?page_id=18"},"modified":"2014-06-03T12:56:58","modified_gmt":"2014-06-03T10:56:58","slug":"chronik","status":"publish","type":"page","link":"https:\/\/www.sv-elsenz.de\/?page_id=18","title":{"rendered":"Chronik"},"content":{"rendered":"<p><strong>Auszug aus der Chronik des SV 1923 Elsenz.<\/strong><\/p>\n<p>Der Sch\u00fctzenverein Elsenz wurde im Jahre <strong>1923<\/strong> gegr\u00fcndet. Leider ist nicht mehr bekannt, wie viele Personen es damals waren, aber folgende Gr\u00fcndungsmitglieder konnten noch ermittelt werden:<\/p>\n<ul>\n<li>Hermann Huber, *1895, Landwirt<\/li>\n<li>Richard Huber, *1899, Landwirt<\/li>\n<li>Otto Huber K.S., *1900, Landwirt<\/li>\n<li>Heinrich Stein, *1900, Landwirt<\/li>\n<li>Albert Pflaumer, *1899, Schreiner<\/li>\n<li>Richard Benz, *1882, Glaser<\/li>\n<\/ul>\n<p>In den Jahren nach der Gr\u00fcndung wurden immer wieder an verschieden Orten Preisschie\u00dfen durchgef\u00fchrt, bis man im Jahre <strong>1930<\/strong> vom Bezirksamt Bruchsal die Erlaubnis f\u00fcr den Bau eines Schie\u00dfstandes an der Stra\u00dfenkreuzung Elsenz-Hilsbach-Tiefenbach erhielt.<\/p>\n<p>Zum <strong>31.12.1932<\/strong> hatte der Verein 32 Mitglieder.<\/p>\n<p>In den Wirren der Kriegs- und Nachkriegszeit kam das Vereinsleben zum Erliegen.<\/p>\n<p><strong>1952<\/strong> wurde der Verein wiedergegr\u00fcndet. In der Mitgliedermeldung an den Badischen Sportsch\u00fctzenverband wurden 30 Mitglieder gemeldet. Bereits <strong>1956<\/strong> f\u00fchrte man die KK-Kreismeisterschaften im wiederaufgebauten Sch\u00fctzenhaus im Rottwald durch. Nach einem Stichkampf gegen Meckesheim, gewann die Mannschaft der SV Elsenz den Kreismeistertitel.<\/p>\n<p>Dies war der Auftakt f\u00fcr unz\u00e4hlige Erfolge in Einzel- und Mannschaftswettbewerben auf Kreisebene. Auch f\u00fcr die Badischen Meisterschaften konnten sich unsere Sch\u00fctzen immer wieder qualifizieren. Die erste Starterin bei den Deutschen Meisterschaften war Sonja Scheunert im Jahr <strong>1994<\/strong>.<\/p>\n<p>Nicht nur sportlich, auch gesellschaftlich erlebte der Verein einen ungeheueren Aufschwung. Bald erkannte man die Notwendigkeit f\u00fcr einen Sch\u00fctzenhausneubau. Nachdem im Februar <strong>1974<\/strong> die Baugenehmigung einging, begann man hinter dem Sportgel\u00e4nde mit den Erdarbeiten. Es wurde t\u00e4glich bis in die Nacht hinein gearbeitet, und so konnte man November <strong>1974<\/strong> Richtfest feiern. <strong>1975<\/strong> wurde der Innenausbau vorangetrieben. Der Ausbau der Schie\u00dfanlagen erfolgte <strong>1976<\/strong>.<\/p>\n<p>Um die Winterfeier des SV Elsenz zu beleben, versuchten sich <strong>1981<\/strong> einige Mitglieder mit dem Einakter \u201eWir w\u00fcnschen eine gute Reise\u201c. Hieraus entwickelte sich die Laienspielergruppe unseres Vereines, und die Theaterst\u00fccke wurden zum eigentlichen H\u00f6hepunkt der Winterfeier. Bald wurden die St\u00fccke am Sonntagnachmittag noch einmal aufgef\u00fchrt, und die zahlreichen Zuschauer waren, und sind begeistert.<\/p>\n<p>Unser Verein hat heute 174 Mitglieder. Im Laufe eines Jahres stehen zahlreiche Termine und Veranstaltungen an. Das Jahr beginnt f\u00fcr unseren Verein am 06. Januar mit dem K\u00f6nigschie\u00dfen, dem Preisschie\u00dfen und dem \u201eEr und Sie-Schie\u00dfen\u201c. Ende Januar ist die Winterfeier mit Preisschie\u00dfen, sowie der Auff\u00fchrung des Theaterst\u00fcckes. Die Generalversammlung wird im Fr\u00fchjahr abgehalten. Im September f\u00fchren wir das Pokalschie\u00dfen der Ortsvereine durch. Bei der Kirchweih ist sonntags Wirtschaftsbetrieb und Ende November findet der Saisonabschlussball statt. Inoffizieller H\u00f6hepunkt des Jahres ist das Grillfest am 30. Dezember.<\/p>\n<p>Im sportlichen Bereich beteiligen wir uns an den Kleinkaliber-Rundenwettk\u00e4mpfen\u00a0 mit vier Mannschaften. Bei den Luftdruckwaffen stellen wir vier Gewehr- und eine Pistolenmannschaft. Wir nehmen teil an den Pokalschie\u00dfen und Meisterschaften des Kreises, sowie an Preisschie\u00dfen benachbarter Vereine. Vereinsintern werden zahlreiche Wettbewerbe, wie Mehrkampfpokal, Vereinsmeisterschaften und Pokalschie\u00dfen durchgef\u00fchrt.<\/p>\n<p>Nach wie vor legt der Verein gro\u00dfen Wert auf eine solide Jugendarbeit. Zur Zeit nehmen 6 Sch\u00fcler, sowie 5 Jugendliche regelm\u00e4\u00dfig am Training und an Wettk\u00e4mpfen teil.<\/p>\n<p>Unsere heutige Schie\u00dfanlage umfasst 10 Luftgewehrst\u00e4nde und 8 Kleinkaliberst\u00e4nde mit Flutlicht. Beide Anlagen werden zu regelm\u00e4\u00dfigem Training und schie\u00dfsportlichen Wettk\u00e4mpfen genutzt.<\/p>\n<p>Der Gastraum, der 50 Personen Platz bietet und bei gr\u00f6\u00dferen Veranstaltungen erweitert werden kann, dient in erster Linie der Pflege der Kameradschaft. Er wird aber auch anderen Vereinen und Institutionen zur Verf\u00fcgung gestellt. So ist das Sch\u00fctzenhaus zur St\u00e4tte des kulturellen Lebens in Elsenz geworden.<\/p>\n<p><strong>Vorst\u00e4nde:<\/strong><\/p>\n<p>Die ersten Vorst\u00e4nde waren Hermann Huber, Otto Maier und Richard Huber.<\/p>\n<p><strong>1952-1954<\/strong>\u00a0\u00a0\u00a0\u00a0 Albert Volz<br \/>\n<strong>1954-1972<\/strong>\u00a0\u00a0\u00a0\u00a0 Heinrich Benz<br \/>\n<strong>1972-1984<\/strong>\u00a0\u00a0\u00a0\u00a0 Max Benz<br \/>\n<strong>1984- heute<\/strong>\u00a0\u00a0\u00a0 Klaus Benz I<\/p>\n","protected":false},"excerpt":{"rendered":"<p>Auszug aus der Chronik des SV 1923 Elsenz. Der Sch\u00fctzenverein Elsenz wurde im Jahre 1923 gegr\u00fcndet. Leider ist nicht mehr bekannt, wie viele Personen es damals waren, aber folgende Gr\u00fcndungsmitglieder konnten noch ermittelt werden: Hermann Huber, *1895, Landwirt Richard Huber, *1899, Landwirt Otto Huber K.S., *1900, Landwirt Heinrich Stein, *1900, Landwirt Albert Pflaumer, *1899, Schreiner [&hellip;]<\/p>\n","protected":false},"author":1,"featured_media":0,"parent":0,"menu_order":0,"comment_status":"closed","ping_status":"closed","template":"","meta":{"footnotes":""},"_links":{"self":[{"href":"https:\/\/www.sv-elsenz.de\/index.php?rest_route=\/wp\/v2\/pages\/18"}],"collection":[{"href":"https:\/\/www.sv-elsenz.de\/index.php?rest_route=\/wp\/v2\/pages"}],"about":[{"href":"https:\/\/www.sv-elsenz.de\/index.php?rest_route=\/wp\/v2\/types\/page"}],"author":[{"embeddable":true,"href":"https:\/\/www.sv-elsenz.de\/index.php?rest_route=\/wp\/v2\/users\/1"}],"replies":[{"embeddable":true,"href":"https:\/\/www.sv-elsenz.de\/index.php?rest_route=%2Fwp%2Fv2%2Fcomments&post=18"}],"version-history":[{"count":2,"href":"https:\/\/www.sv-elsenz.de\/index.php?rest_route=\/wp\/v2\/pages\/18\/revisions"}],"predecessor-version":[{"id":46,"href":"https:\/\/www.sv-elsenz.de\/index.php?rest_route=\/wp\/v2\/pages\/18\/revisions\/46"}],"wp:attachment":[{"href":"https:\/\/www.sv-elsenz.de\/index.php?rest_route=%2Fwp%2Fv2%2Fmedia&parent=18"}],"curies":[{"name":"wp","href":"https:\/\/api.w.org\/{rel}","templated":true}]}}